True
Let j(h) = -6618*h - 1231. Is j(-3) composite?
True
Let d = 25232 + -14035. Is d prime?
True
Suppose 0 = -0*d - 37*d - 222. Is (4 - (1 - -2))*(5039 + d) composite?
True
Suppose 5*h + 65 - 334 = 4*r, 0 = h + 5*r - 48. Let g = h - -53. Is g a prime number?
False
Is -28 + (158758 - 20) - 11/1 a prime number?
True
Suppose -3*u = -4*h - 60361, -4*h + 4 = -2*h. Is u prime?
True
Is (-296 + -11)/(170/(-332) + (-5)/(-10)) prime?
False
Suppose r - 2418 = -6*b + 1607, -2*b = -4*r + 15944. Is r prime?
True
Let c be 1/10*-2 + 324/(-5). Let q = c + -1207. Let g = q + 2143. Is g composite?
True
Let a = -15 - -2. Let k(r) = -r**3 + 13*r**2 + 14*r + 9. Let h be k(a). Suppose 3*z = -3*v + 5*z + 3157, -h = -4*v + 5*z. Is v a composite number?
False
Let p(d) = 7794*d - 37. Is p(5) a prime number?
True
Suppose -63 = 49*y + 35. Is y/3 - (197577/(-27) + -2) prime?
False
Let x(m) = -m**2 + 10. Let k(i) = -i**2 + 2*i + 21. Let o(l) = 3*k(l) - 5*x(l). Is o(15) prime?
False
Let b(t) = 9*t**2 - 19*t + 38. Let r(n) = -4*n**2 + 9*n - 18. Let q(d) = -3*b(d) - 7*r(d). Is q(-5) a prime number?
True
Let o be 570/9*(-72)/(-10) - 0. Let w = 365 + o. Is w a composite number?
False
Suppose 0 = 5*s - 2*i - 477640 - 336389, -5*i = 3*s - 488405. Is s composite?
True
Let g = -161 - -166. Suppose 2*r - g*k = -r + 12872, r = -2*k + 4287. Is r composite?
False
Let r = 1525 + -239. Let b = r + 305. Is b composite?
True
Suppose 360 = 16*h - 152. Suppose h*d - 182686 = 18*d. Is d a prime number?
True
Let l(t) = 261*t**3 + 8*t**2 - 12*t - 25. Is l(8) a composite number?
True
Let l = 24402 - -2237. Let t = -5315 + l. Suppose 9*o + 3*o - t = 0. Is o a composite number?
False
Let g(m) = 5363*m**2 - 277*m + 2233. Is g(8) prime?
False
Suppose 7*t - 115248 = 15*t. Let p = t + 24665. Is p composite?
False
Let n be (480/(-72))/(12/(-27)). Suppose -n*i = -16262 - 713443. Is i composite?
False
Is (-11)/1*11/((-66)/109014) + -6 a prime number?
True
Let j be 2/(-3) - (-338)/39. Let h be (-2)/(-8)*(12 - j). Is 886/5 + h/((-5)/1) prime?
False
Suppose -124*f = -1157083 - 20137561. Is f composite?
True
Is -17 + (9 + -1 - -136630) a prime number?
True
Suppose 22 = -2*w - 2. Let p(q) = -43*q - 217. Is p(w) prime?
False
Is ((-2)/3)/((-13)/(-3)) + (-23317375)/(-1625) prime?
False
Let f(i) = 54*i**2 - 2*i - 7. Let m(q) = q**2 + 7*q + 7. Let x be m(-6). Suppose -2*s = -2*l + x + 7, 12 = 3*l + 5*s. Is f(l) a prime number?
False
Let h(p) = 43064*p**2 + 1082*p + 6527. Is h(-6) composite?
True
Suppose 0 = -4*g + 2*b - 168, 3*g + 124 = 5*b - 4*b. Is (-530420)/g*6/3 a prime number?
False
Let h(w) = 14*w**2 + w + 2521. Let i(j) = -j**3 + 3*j**2 + 9*j + 5. Let x be i(5). Is h(x) composite?
False
Let f = 21809 - 14988. Let z = -11 - -15. Suppose 1381 = -z*y + 2*b + f, 2*b - 5448 = -4*y. Is y composite?
False
Suppose 6*h - 24 = -6. Suppose h*x - 2039 = -368. Is x a composite number?
False
Suppose -13*j - 5173 = -6*j. Let l = -521 - j. Is l a composite number?
True
Suppose -3*z + 1569 = -2*i, z - 239 - 276 = -2*i. Is z prime?
True
Let m = 242 + 1339. Let b be (m - -1)/(1/(-2)). Is -3*b/12 - 4 a prime number?
True
Let r = 89469 - 50302. Is r a composite number?
True
Suppose 0 = -20*k + 18*k + 38. Is -1 + k/(57/4086) a prime number?
True
Let c(f) = f**3 - 15*f**2 - 21*f + 38. Let r be c(16). Let d(q) = -109*q - 5. Let j be d(-4). Let p = r + j. Is p a prime number?
True
Let d(u) = -27*u + 353*u**2 + 9*u + 19 + 9*u. Is d(-6) prime?
True
Let o be (1768/(-182))/((-2)/7). Is (3 - o/12) + (-23261)/(-6) a composite number?
False
Suppose 0 = 5*a - a. Let o = 429 - 418. Suppose -o*z + 13*z - 382 = a. Is z a composite number?
False
Let b = -25611 - -51522. Suppose -981*m = -978*m - b. Is m a composite number?
True
Let l(c) = 264*c**2 - 63*c + 1085. Is l(34) prime?
True
Let a = 314015 - 104902. Is a a prime number?
False
Let v(h) = 280274*h**2 - 3*h + 2. Is v(1) composite?
True
Let n(i) = -2*i**3 - 6*i**2 - 14*i - 18 + i**2 + 0*i**3 - 4*i**2. Is n(-17) composite?
True
Is 192*(-153661)/(-333) + -1*1/3 composite?
True
Let f = -11 + 8. Let y be (0/4)/(-3 - (f - -1)). Suppose -2*d + 2119 = 2*i - 441, i - 4*d - 1290 = y. Is i composite?
True
Let l(v) = v**3 + 8*v**2 - 10*v - 26. Let r be l(-9). Let f(k) = 4*k**2 - 13*k + 22. Is f(r) a composite number?
False
Let a(w) = w. Let k be a(16). Suppose -k*x = -17*x + 27. Is 6/x + 23435/45 prime?
True
Suppose 25*b - 880 = 1270. Suppose -83*x + b*x - 447 = 0. Is x composite?
False
Let j(d) be the second derivative of 3213*d**3 - 19*d**2/2 + 79*d. Is j(1) composite?
False
Let f(u) = 78*u**2 - 13*u + 179. Suppose 2*b + 211 = 231. Is f(b) prime?
False
Is (-11 - (-5 - (-11 + 19))) + 79179 a prime number?
True
Let y(a) = 4*a + 4. Let g be y(-1). Suppose 4*d = -g - 0. Suppose -2*h - 4*j = h - 883, d = -4*h - 5*j + 1179. Is h a prime number?
False
Let z(r) = 496*r**2 - 364*r + 99. Is z(-16) a prime number?
False
Suppose 9752496 = 24*a + 96*a + 2533176. Is a composite?
False
Suppose -a + 5*j - 41 = -19, -5*a - j - 32 = 0. Is ((-359)/2)/(-2*a/(-308)) prime?
False
Suppose 1809*v - 3*w = 1808*v + 193276, -4*w - 966391 = -5*v. Is v composite?
True
Let h be 24/30 + (-22458)/(-15). Suppose -m + h = -45. Is m prime?
True
Suppose -1454*p + 2*v = -1453*p - 293165, 879523 = 3*p + v. Is p prime?
True
Let y(l) = 45354*l + 15463. Is y(20) prime?
False
Suppose -40*a - 308097795 = -169*a. Is a composite?
True
Suppose 15*t + 586314 = 2335389. Is t prime?
False
Suppose -t - 225 = 5*b, -261 + 22 = t - 2*b. Let i = t + 1498. Suppose -5*l = 208 - i. Is l a composite number?
False
Suppose -f + 1770 = -4*p + 191, -4*p = f - 1603. Let x be (2 + 12/(-9))*3. Suppose x*q = f + 391. Is q a composite number?
False
Suppose 14*j - 5 = 9*j. Suppose -4*b = c - j - 10, 28 = 2*b - 4*c. Suppose 5*u + 11*q - 7*q - 8569 = 0, b*u - 4*q = 6884. Is u composite?
True
Is ((-34364418)/132)/(2/(-4)) a prime number?
False
Let r = -13 + 13. Let s = 28 + r. Is 12*(481/s - 15/35) a composite number?
True
Let k(p) = 7068*p**2 - p + 2. Let r = -246 - -247. Is k(r) a prime number?
True
Let b(t) = -t**3 - 10*t**2 - 11*t - 15. Let z be b(-9). Suppose 0 = -z*r - 77 + 65. Let v(j) = 11*j**2 + 11*j + 1. Is v(r) prime?
False
Let u = -1448 - -2368. Let n = -649 + u. Is n a composite number?
False
Let d(v) = 563*v - 26. Let s(w) = -w + 7. Let p be s(3). Let k(z) = 188*z - 9. Let t(f) = p*d(f) - 11*k(f). Is t(1) a composite number?
False
Let d be ((-21963)/3)/((-4)/56*2). Suppose 2*h - d = -5*h. Is h a composite number?
False
Let u(p) be the first derivative of 32*p**3/3 + 55*p**2/2 - p - 50. Is u(-12) a composite number?
False
Is 1/2 + (-720875)/(-30) + 16/(-24) composite?
False
Let j(a) = -90*a**3 - 1. Suppose -u - 20 = 10. Let l be (6/4)/(45/u). Is j(l) composite?
False
Let v(m) = 12585*m**2 - 425*m + 1273. Is v(3) prime?
False
Is (-4 + 0 - 561517)/(-3*4/12) a composite number?
False
Is (-15720)/28820 + ((-3220856)/(-22) - 1) prime?
False
Suppose -8*n + 2928790 = 633006. Is n composite?
False
Let k be ((-2321)/(-44))/((-5)/(-100)). Let q = k + -576. Is q a composite number?
False
Let y(j) = 939*j**2 + 10*j + 22. Let o(f) = 469*f**2 + 5*f + 11. Let b(v) = -11*o(v) + 6*y(v). Is b(-3) a composite number?
False
Suppose 42*j - 54*j = 0. Suppose v + o - 5058 = j, -4*v + 20233 = -0*v + 3*o. Is v composite?
False
Let x(z) = 94*z**2 - z - 1. Let m be x(-2). Let s be 4532/(-132) + ((-10)/(-3))/(-2). Let o = s + m. Is o prime?
False
Let g(d) = -16*d**3 - 6*d**2 + d - 14. Let v be g(4). Let p = v - -12243. Is p a composite number?
False
Let z = 12 - 1. Suppose -1 = -3*m + 4*c - 0*c, 3*m + c = z. Is (-2)/3*m + 439 composite?
True
Let i(a) = -44*a + 31. Let p = -53 + -6. Let k = p + 48. Is i(k) a prime number?
False
Let a = 30756 + -13939. Is a prime?
False
Suppose -4*y - 12 = 4*u, -6 = -3*y - y + 5*u. Let h(f) = -5*f + 4. Let d be h(y). Let c(g) = 63*g - 10. Is c(d) prime?
True
Suppose 37 = -7*u + 100. Is 3/u*-3*-13907 a prime number?
True
Suppose 11*n - 4*n - 14 = 0. Suppose n*z = t - 360 - 2103, t - 2461 = z. Is t composite?
False
Let b(s) be the second derivative of 524*s**5/5 - s**4/12 + s**3/3 - s**2 + s. Suppose 5*k + 4*v = 9*k + 12, -5*k + 1 = -v. Is b(k) a composite number?
True
Let k(x) = -x**2 + 7*x - 1002. Let b be k(0). Let n = -2561 + 1148. Let c = b - 